{"id":815,"date":"2026-04-01T13:43:23","date_gmt":"2026-04-01T06:43:23","guid":{"rendered":"https:\/\/hemkinh.azdigi.shop\/?post_type=product&#038;p=815"},"modified":"2026-04-01T13:43:23","modified_gmt":"2026-04-01T06:43:23","slug":"gong-chu-nhat-rurry-hk191","status":"publish","type":"product","link":"https:\/\/hemkinh.azdigi.shop\/?product=gong-chu-nhat-rurry-hk191","title":{"rendered":"G\u1ecdng Ch\u1eef Nh\u1eadt Rurry &#8211; HK191"},"content":{"rendered":"<h2 data-section-id=\"6ezob5\" data-start=\"77\" data-end=\"134\"><span role=\"text\">\ud83d\udc53 <strong data-start=\"83\" data-end=\"134\">G\u1eccNG CH\u1eee NH\u1eacT KURRY HK191 | TR\u1eba TRUNG N\u0102NG \u0110\u1ed8NG<\/strong><\/span><\/h2>\n<p data-start=\"136\" data-end=\"229\">G\u1ecdng Kurry HK191 s\u1edf h\u1eefu thi\u1ebft k\u1ebf d\u00e1ng ch\u1eef nh\u1eadt hi\u1ec7n \u0111\u1ea1i, mang \u0111\u1ebfn v\u1ebb ngo\u00e0i g\u1ecdn g\u00e0ng v\u00e0 nam t\u00ednh. Form k\u00ednh \u00f4m v\u1eeba khu\u00f4n m\u1eb7t, gi\u00fap t\u00f4n l\u00ean \u0111\u01b0\u1eddng n\u00e9t v\u00e0 t\u1ea1o c\u1ea3m gi\u00e1c c\u00e2n \u0111\u1ed1i khi \u0111eo. G\u1ecdng \u0111\u01b0\u1ee3c l\u00e0m t\u1eeb ch\u1ea5t li\u1ec7u nh\u1ef1a cao c\u1ea5p, nh\u1eb9, b\u1ec1n v\u00e0 linh ho\u1ea1t trong qu\u00e1 tr\u00ecnh s\u1eed d\u1ee5ng.<\/p>\n<p data-start=\"409\" data-end=\"482\">Thi\u1ebft k\u1ebf ch\u1eafc ch\u1eafn, ph\u00f9 h\u1ee3p cho h\u1ecdc t\u1eadp, l\u00e0m vi\u1ec7c v\u00e0 s\u1eed d\u1ee5ng h\u00e0ng ng\u00e0y. T\u00f4ng m\u00e0u \u0111en c\u01a1 b\u1ea3n d\u1ec5 ph\u1ed1i \u0111\u1ed3, ph\u00f9 h\u1ee3p nhi\u1ec1u phong c\u00e1ch t\u1eeb \u0111\u01a1n gi\u1ea3n \u0111\u1ebfn n\u0103ng \u0111\u1ed9ng. Ph\u1ea7n c\u00e0ng k\u00ednh thi\u1ebft k\u1ebf \u00eam \u00e1i, gi\u00fap \u0111eo l\u00e2u kh\u00f4ng g\u00e2y kh\u00f3 ch\u1ecbu.<\/p>\n<hr data-start=\"638\" data-end=\"641\" \/>\n<h3 data-section-id=\"1284pk8\" data-start=\"643\" data-end=\"671\"><span role=\"text\">\u2728 <strong data-start=\"649\" data-end=\"671\">Th\u00f4ng tin chi ti\u1ebft<\/strong><\/span><\/h3>\n<ul data-start=\"672\" data-end=\"899\">\n<li data-section-id=\"1kz8oud\" data-start=\"672\" data-end=\"719\">T\u00ean s\u1ea3n ph\u1ea9m: G\u1ecdng ch\u1eef nh\u1eadt Kurry HK191<\/li>\n<li data-section-id=\"1qloodu\" data-start=\"720\" data-end=\"751\">Ch\u1ea5t li\u1ec7u: Nh\u1ef1a cao c\u1ea5p<\/li>\n<li data-section-id=\"z417pt\" data-start=\"752\" data-end=\"779\">Ki\u1ec3u d\u00e1ng: Ch\u1eef nh\u1eadt<\/li>\n<li data-section-id=\"1vbphhq\" data-start=\"780\" data-end=\"800\">M\u00e0u s\u1eafc: \u0110en<\/li>\n<li data-section-id=\"l2y9f6\" data-start=\"801\" data-end=\"852\">Phong c\u00e1ch: Tr\u1ebb trung \u2013 n\u0103ng \u0111\u1ed9ng \u2013 d\u1ec5 d\u00f9ng<\/li>\n<li data-section-id=\"1m188ro\" data-start=\"853\" data-end=\"899\">Ph\u00f9 h\u1ee3<strong data-start=\"855\" data-end=\"867\">p:<\/strong> \u0110i h\u1ecdc, \u0111i l\u00e0m, \u0111eo h\u00e0ng ng\u00e0y<\/li>\n<\/ul>\n<hr data-start=\"901\" data-end=\"904\" \/>\n<h3 data-section-id=\"15sg11c\" data-start=\"906\" data-end=\"929\"><span role=\"text\">\ud83d\udd25 <strong data-start=\"913\" data-end=\"929\">\u0110i\u1ec3m n\u1ed5i b\u1eadt<\/strong><\/span><\/h3>\n<ul data-start=\"930\" data-end=\"1068\">\n<li data-section-id=\"1capl5l\" data-start=\"930\" data-end=\"978\">Thi\u1ebft k\u1ebf \u0111\u01a1n gi\u1ea3n, d\u1ec5 \u0111eo, kh\u00f4ng k\u00e9n m\u1eb7t<\/li>\n<li data-section-id=\"1axd9y1\" data-start=\"979\" data-end=\"1017\">G\u1ecdng nh\u1eb9, b\u1ec1n, s\u1eed d\u1ee5ng l\u00e2u d\u00e0i<\/li>\n<li data-section-id=\"16zlsu4\" data-start=\"1018\" data-end=\"1043\">Ph\u00f9 h\u1ee3p nhi\u1ec1u \u0111\u1ed9 tu\u1ed5i<\/li>\n<li data-section-id=\"1f4qmg9\" data-start=\"1044\" data-end=\"1068\">Gi\u00e1 t\u1ed1t, d\u1ec5 ti\u1ebfp c\u1eadn<\/li>\n<\/ul>\n","protected":false},"excerpt":{"rendered":"<p>\ud83d\udc53 G\u1eccNG CH\u1eee NH\u1eacT KURRY HK191 | TR\u1eba TRUNG N\u0102NG \u0110\u1ed8NG G\u1ecdng Kurry HK191 s\u1edf h\u1eefu thi\u1ebft k\u1ebf d\u00e1ng ch\u1eef nh\u1eadt hi\u1ec7n \u0111\u1ea1i, mang \u0111\u1ebfn v\u1ebb ngo\u00e0i g\u1ecdn g\u00e0ng v\u00e0 nam t\u00ednh. Form k\u00ednh \u00f4m v\u1eeba khu\u00f4n m\u1eb7t, gi\u00fap t\u00f4n l\u00ean \u0111\u01b0\u1eddng n\u00e9t v\u00e0 t\u1ea1o c\u1ea3m gi\u00e1c c\u00e2n \u0111\u1ed1i khi \u0111eo. G\u1ecdng \u0111\u01b0\u1ee3c l\u00e0m t\u1eeb [&#8230;]\n","protected":false},"featured_media":816,"comment_status":"open","ping_status":"closed","template":"","meta":[],"product_brand":[44],"product_cat":[43],"product_tag":[],"class_list":{"0":"post-815","1":"product","2":"type-product","3":"status-publish","4":"has-post-thumbnail","6":"product_brand-kurry","7":"product_cat-mau-kinh-moi","9":"first","10":"instock","11":"shipping-taxable","12":"purchasable","13":"product-type-variable"},"yoast_head":"<!-- This site is optimized with the Yoast SEO plugin v26.9 - https:\/\/yoast.com\/product\/yoast-seo-wordpress\/ -->\n<title>G\u1ecdng Ch\u1eef Nh\u1eadt Rurry - HK191 - hemkinh<\/title>\n<meta name=\"description\" content=\"G\u1ecdng ch\u1eef nh\u1eadt Kurry HK191 thi\u1ebft k\u1ebf hi\u1ec7n \u0111\u1ea1i, ch\u1ea5t li\u1ec7u nh\u1ef1a nh\u1eb9 b\u1ec1n, form \u00f4m m\u1eb7t, \u0111eo tho\u1ea3i m\u00e1i, d\u1ec5 ph\u1ed1i \u0111\u1ed3, ph\u00f9 h\u1ee3p h\u1ecdc t\u1eadp v\u00e0 l\u00e0m vi\u1ec7c h\u00e0ng ng\u00e0y.\" \/>\n<meta name=\"robots\" content=\"index, follow, max-snippet:-1, max-image-preview:large, max-video-preview:-1\" \/>\n<link rel=\"canonical\" href=\"https:\/\/hemkinh.azdigi.shop\/index.php\/san-pham\/gong-chu-nhat-rurry-hk191\/\" \/>\n<meta property=\"og:locale\" content=\"vi_VN\" \/>\n<meta property=\"og:type\" content=\"article\" \/>\n<meta property=\"og:title\" content=\"G\u1ecdng Ch\u1eef Nh\u1eadt Rurry - HK191 - hemkinh\" \/>\n<meta property=\"og:description\" content=\"G\u1ecdng ch\u1eef nh\u1eadt Kurry HK191 thi\u1ebft k\u1ebf hi\u1ec7n \u0111\u1ea1i, ch\u1ea5t li\u1ec7u nh\u1ef1a nh\u1eb9 b\u1ec1n, form \u00f4m m\u1eb7t, \u0111eo tho\u1ea3i m\u00e1i, d\u1ec5 ph\u1ed1i \u0111\u1ed3, ph\u00f9 h\u1ee3p h\u1ecdc t\u1eadp v\u00e0 l\u00e0m vi\u1ec7c h\u00e0ng ng\u00e0y.\" \/>\n<meta property=\"og:url\" content=\"https:\/\/hemkinh.azdigi.shop\/index.php\/san-pham\/gong-chu-nhat-rurry-hk191\/\" \/>\n<meta property=\"og:site_name\" content=\"hemkinh\" \/>\n<meta property=\"og:image\" content=\"https:\/\/hemkinh.azdigi.shop\/wp-content\/uploads\/2026\/04\/f25d47314ca9183aa86cd74a7c81ae0e.jpg\" \/>\n\t<meta property=\"og:image:width\" content=\"1200\" \/>\n\t<meta property=\"og:image:height\" content=\"1598\" \/>\n\t<meta property=\"og:image:type\" content=\"image\/jpeg\" \/>\n<meta name=\"twitter:card\" content=\"summary_large_image\" \/>\n<meta name=\"twitter:label1\" content=\"\u01af\u1edbc t\u00ednh th\u1eddi gian \u0111\u1ecdc\" \/>\n\t<meta name=\"twitter:data1\" content=\"2 ph\u00fat\" \/>\n<script type=\"application\/ld+json\" class=\"yoast-schema-graph\">{\"@context\":\"https:\/\/schema.org\",\"@graph\":[{\"@type\":\"WebPage\",\"@id\":\"https:\/\/hemkinh.azdigi.shop\/index.php\/san-pham\/gong-chu-nhat-rurry-hk191\/\",\"url\":\"https:\/\/hemkinh.azdigi.shop\/index.php\/san-pham\/gong-chu-nhat-rurry-hk191\/\",\"name\":\"G\u1ecdng Ch\u1eef Nh\u1eadt Rurry - HK191 - hemkinh\",\"isPartOf\":{\"@id\":\"https:\/\/hemkinh.azdigi.shop\/#website\"},\"primaryImageOfPage\":{\"@id\":\"https:\/\/hemkinh.azdigi.shop\/index.php\/san-pham\/gong-chu-nhat-rurry-hk191\/#primaryimage\"},\"image\":{\"@id\":\"https:\/\/hemkinh.azdigi.shop\/index.php\/san-pham\/gong-chu-nhat-rurry-hk191\/#primaryimage\"},\"thumbnailUrl\":\"https:\/\/hemkinh.azdigi.shop\/wp-content\/uploads\/2026\/04\/f25d47314ca9183aa86cd74a7c81ae0e.jpg\",\"datePublished\":\"2026-04-01T06:43:23+00:00\",\"description\":\"G\u1ecdng ch\u1eef nh\u1eadt Kurry HK191 thi\u1ebft k\u1ebf hi\u1ec7n \u0111\u1ea1i, ch\u1ea5t li\u1ec7u nh\u1ef1a nh\u1eb9 b\u1ec1n, form \u00f4m m\u1eb7t, \u0111eo tho\u1ea3i m\u00e1i, d\u1ec5 ph\u1ed1i \u0111\u1ed3, ph\u00f9 h\u1ee3p h\u1ecdc t\u1eadp v\u00e0 l\u00e0m vi\u1ec7c h\u00e0ng ng\u00e0y.\",\"breadcrumb\":{\"@id\":\"https:\/\/hemkinh.azdigi.shop\/index.php\/san-pham\/gong-chu-nhat-rurry-hk191\/#breadcrumb\"},\"inLanguage\":\"vi\",\"potentialAction\":[{\"@type\":\"ReadAction\",\"target\":[\"https:\/\/hemkinh.azdigi.shop\/index.php\/san-pham\/gong-chu-nhat-rurry-hk191\/\"]}]},{\"@type\":\"ImageObject\",\"inLanguage\":\"vi\",\"@id\":\"https:\/\/hemkinh.azdigi.shop\/index.php\/san-pham\/gong-chu-nhat-rurry-hk191\/#primaryimage\",\"url\":\"https:\/\/hemkinh.azdigi.shop\/wp-content\/uploads\/2026\/04\/f25d47314ca9183aa86cd74a7c81ae0e.jpg\",\"contentUrl\":\"https:\/\/hemkinh.azdigi.shop\/wp-content\/uploads\/2026\/04\/f25d47314ca9183aa86cd74a7c81ae0e.jpg\",\"width\":1200,\"height\":1598},{\"@type\":\"BreadcrumbList\",\"@id\":\"https:\/\/hemkinh.azdigi.shop\/index.php\/san-pham\/gong-chu-nhat-rurry-hk191\/#breadcrumb\",\"itemListElement\":[{\"@type\":\"ListItem\",\"position\":1,\"name\":\"Trang ch\u1ee7\",\"item\":\"https:\/\/hemkinh.azdigi.shop\/\"},{\"@type\":\"ListItem\",\"position\":2,\"name\":\"B\u1ed9 s\u01b0u t\u1eadp\",\"item\":\"https:\/\/hemkinh.azdigi.shop\/?page_id=339\"},{\"@type\":\"ListItem\",\"position\":3,\"name\":\"G\u1ecdng Ch\u1eef Nh\u1eadt Rurry &#8211; HK191\"}]},{\"@type\":\"WebSite\",\"@id\":\"https:\/\/hemkinh.azdigi.shop\/#website\",\"url\":\"https:\/\/hemkinh.azdigi.shop\/\",\"name\":\"hemkinh\",\"description\":\"\",\"publisher\":{\"@id\":\"https:\/\/hemkinh.azdigi.shop\/#organization\"},\"potentialAction\":[{\"@type\":\"SearchAction\",\"target\":{\"@type\":\"EntryPoint\",\"urlTemplate\":\"https:\/\/hemkinh.azdigi.shop\/?s={search_term_string}\"},\"query-input\":{\"@type\":\"PropertyValueSpecification\",\"valueRequired\":true,\"valueName\":\"search_term_string\"}}],\"inLanguage\":\"vi\"},{\"@type\":\"Organization\",\"@id\":\"https:\/\/hemkinh.azdigi.shop\/#organization\",\"name\":\"hemkinh\",\"url\":\"https:\/\/hemkinh.azdigi.shop\/\",\"logo\":{\"@type\":\"ImageObject\",\"inLanguage\":\"vi\",\"@id\":\"https:\/\/hemkinh.azdigi.shop\/#\/schema\/logo\/image\/\",\"url\":\"https:\/\/hemkinh.azdigi.shop\/wp-content\/uploads\/2026\/03\/b6fc8f68-8452-4d6f-8f3e-038287a0aca6.png\",\"contentUrl\":\"https:\/\/hemkinh.azdigi.shop\/wp-content\/uploads\/2026\/03\/b6fc8f68-8452-4d6f-8f3e-038287a0aca6.png\",\"width\":1020,\"height\":680,\"caption\":\"hemkinh\"},\"image\":{\"@id\":\"https:\/\/hemkinh.azdigi.shop\/#\/schema\/logo\/image\/\"}}]}<\/script>\n<!-- \/ Yoast SEO plugin. -->","yoast_head_json":{"title":"G\u1ecdng Ch\u1eef Nh\u1eadt Rurry - HK191 - hemkinh","description":"G\u1ecdng ch\u1eef nh\u1eadt Kurry HK191 thi\u1ebft k\u1ebf hi\u1ec7n \u0111\u1ea1i, ch\u1ea5t li\u1ec7u nh\u1ef1a nh\u1eb9 b\u1ec1n, form \u00f4m m\u1eb7t, \u0111eo tho\u1ea3i m\u00e1i, d\u1ec5 ph\u1ed1i \u0111\u1ed3, ph\u00f9 h\u1ee3p h\u1ecdc t\u1eadp v\u00e0 l\u00e0m vi\u1ec7c h\u00e0ng ng\u00e0y.","robots":{"index":"index","follow":"follow","max-snippet":"max-snippet:-1","max-image-preview":"max-image-preview:large","max-video-preview":"max-video-preview:-1"},"canonical":"https:\/\/hemkinh.azdigi.shop\/index.php\/san-pham\/gong-chu-nhat-rurry-hk191\/","og_locale":"vi_VN","og_type":"article","og_title":"G\u1ecdng Ch\u1eef Nh\u1eadt Rurry - HK191 - hemkinh","og_description":"G\u1ecdng ch\u1eef nh\u1eadt Kurry HK191 thi\u1ebft k\u1ebf hi\u1ec7n \u0111\u1ea1i, ch\u1ea5t li\u1ec7u nh\u1ef1a nh\u1eb9 b\u1ec1n, form \u00f4m m\u1eb7t, \u0111eo tho\u1ea3i m\u00e1i, d\u1ec5 ph\u1ed1i \u0111\u1ed3, ph\u00f9 h\u1ee3p h\u1ecdc t\u1eadp v\u00e0 l\u00e0m vi\u1ec7c h\u00e0ng ng\u00e0y.","og_url":"https:\/\/hemkinh.azdigi.shop\/index.php\/san-pham\/gong-chu-nhat-rurry-hk191\/","og_site_name":"hemkinh","og_image":[{"width":1200,"height":1598,"url":"https:\/\/hemkinh.azdigi.shop\/wp-content\/uploads\/2026\/04\/f25d47314ca9183aa86cd74a7c81ae0e.jpg","type":"image\/jpeg"}],"twitter_card":"summary_large_image","twitter_misc":{"\u01af\u1edbc t\u00ednh th\u1eddi gian \u0111\u1ecdc":"2 ph\u00fat"},"schema":{"@context":"https:\/\/schema.org","@graph":[{"@type":"WebPage","@id":"https:\/\/hemkinh.azdigi.shop\/index.php\/san-pham\/gong-chu-nhat-rurry-hk191\/","url":"https:\/\/hemkinh.azdigi.shop\/index.php\/san-pham\/gong-chu-nhat-rurry-hk191\/","name":"G\u1ecdng Ch\u1eef Nh\u1eadt Rurry - HK191 - hemkinh","isPartOf":{"@id":"https:\/\/hemkinh.azdigi.shop\/#website"},"primaryImageOfPage":{"@id":"https:\/\/hemkinh.azdigi.shop\/index.php\/san-pham\/gong-chu-nhat-rurry-hk191\/#primaryimage"},"image":{"@id":"https:\/\/hemkinh.azdigi.shop\/index.php\/san-pham\/gong-chu-nhat-rurry-hk191\/#primaryimage"},"thumbnailUrl":"https:\/\/hemkinh.azdigi.shop\/wp-content\/uploads\/2026\/04\/f25d47314ca9183aa86cd74a7c81ae0e.jpg","datePublished":"2026-04-01T06:43:23+00:00","description":"G\u1ecdng ch\u1eef nh\u1eadt Kurry HK191 thi\u1ebft k\u1ebf hi\u1ec7n \u0111\u1ea1i, ch\u1ea5t li\u1ec7u nh\u1ef1a nh\u1eb9 b\u1ec1n, form \u00f4m m\u1eb7t, \u0111eo tho\u1ea3i m\u00e1i, d\u1ec5 ph\u1ed1i \u0111\u1ed3, ph\u00f9 h\u1ee3p h\u1ecdc t\u1eadp v\u00e0 l\u00e0m vi\u1ec7c h\u00e0ng ng\u00e0y.","breadcrumb":{"@id":"https:\/\/hemkinh.azdigi.shop\/index.php\/san-pham\/gong-chu-nhat-rurry-hk191\/#breadcrumb"},"inLanguage":"vi","potentialAction":[{"@type":"ReadAction","target":["https:\/\/hemkinh.azdigi.shop\/index.php\/san-pham\/gong-chu-nhat-rurry-hk191\/"]}]},{"@type":"ImageObject","inLanguage":"vi","@id":"https:\/\/hemkinh.azdigi.shop\/index.php\/san-pham\/gong-chu-nhat-rurry-hk191\/#primaryimage","url":"https:\/\/hemkinh.azdigi.shop\/wp-content\/uploads\/2026\/04\/f25d47314ca9183aa86cd74a7c81ae0e.jpg","contentUrl":"https:\/\/hemkinh.azdigi.shop\/wp-content\/uploads\/2026\/04\/f25d47314ca9183aa86cd74a7c81ae0e.jpg","width":1200,"height":1598},{"@type":"BreadcrumbList","@id":"https:\/\/hemkinh.azdigi.shop\/index.php\/san-pham\/gong-chu-nhat-rurry-hk191\/#breadcrumb","itemListElement":[{"@type":"ListItem","position":1,"name":"Trang ch\u1ee7","item":"https:\/\/hemkinh.azdigi.shop\/"},{"@type":"ListItem","position":2,"name":"B\u1ed9 s\u01b0u t\u1eadp","item":"https:\/\/hemkinh.azdigi.shop\/?page_id=339"},{"@type":"ListItem","position":3,"name":"G\u1ecdng Ch\u1eef Nh\u1eadt Rurry &#8211; HK191"}]},{"@type":"WebSite","@id":"https:\/\/hemkinh.azdigi.shop\/#website","url":"https:\/\/hemkinh.azdigi.shop\/","name":"hemkinh","description":"","publisher":{"@id":"https:\/\/hemkinh.azdigi.shop\/#organization"},"potentialAction":[{"@type":"SearchAction","target":{"@type":"EntryPoint","urlTemplate":"https:\/\/hemkinh.azdigi.shop\/?s={search_term_string}"},"query-input":{"@type":"PropertyValueSpecification","valueRequired":true,"valueName":"search_term_string"}}],"inLanguage":"vi"},{"@type":"Organization","@id":"https:\/\/hemkinh.azdigi.shop\/#organization","name":"hemkinh","url":"https:\/\/hemkinh.azdigi.shop\/","logo":{"@type":"ImageObject","inLanguage":"vi","@id":"https:\/\/hemkinh.azdigi.shop\/#\/schema\/logo\/image\/","url":"https:\/\/hemkinh.azdigi.shop\/wp-content\/uploads\/2026\/03\/b6fc8f68-8452-4d6f-8f3e-038287a0aca6.png","contentUrl":"https:\/\/hemkinh.azdigi.shop\/wp-content\/uploads\/2026\/03\/b6fc8f68-8452-4d6f-8f3e-038287a0aca6.png","width":1020,"height":680,"caption":"hemkinh"},"image":{"@id":"https:\/\/hemkinh.azdigi.shop\/#\/schema\/logo\/image\/"}}]}},"_links":{"self":[{"href":"https:\/\/hemkinh.azdigi.shop\/index.php?rest_route=\/wp\/v2\/product\/815","targetHints":{"allow":["GET"]}}],"collection":[{"href":"https:\/\/hemkinh.azdigi.shop\/index.php?rest_route=\/wp\/v2\/product"}],"about":[{"href":"https:\/\/hemkinh.azdigi.shop\/index.php?rest_route=\/wp\/v2\/types\/product"}],"replies":[{"embeddable":true,"href":"https:\/\/hemkinh.azdigi.shop\/index.php?rest_route=%2Fwp%2Fv2%2Fcomments&post=815"}],"wp:featuredmedia":[{"embeddable":true,"href":"https:\/\/hemkinh.azdigi.shop\/index.php?rest_route=\/wp\/v2\/media\/816"}],"wp:attachment":[{"href":"https:\/\/hemkinh.azdigi.shop\/index.php?rest_route=%2Fwp%2Fv2%2Fmedia&parent=815"}],"wp:term":[{"taxonomy":"product_brand","embeddable":true,"href":"https:\/\/hemkinh.azdigi.shop\/index.php?rest_route=%2Fwp%2Fv2%2Fproduct_brand&post=815"},{"taxonomy":"product_cat","embeddable":true,"href":"https:\/\/hemkinh.azdigi.shop\/index.php?rest_route=%2Fwp%2Fv2%2Fproduct_cat&post=815"},{"taxonomy":"product_tag","embeddable":true,"href":"https:\/\/hemkinh.azdigi.shop\/index.php?rest_route=%2Fwp%2Fv2%2Fproduct_tag&post=815"}],"curies":[{"name":"wp","href":"https:\/\/api.w.org\/{rel}","templated":true}]}}